{"id":696,"date":"2022-09-02T21:55:08","date_gmt":"2022-09-02T21:55:08","guid":{"rendered":"https:\/\/17radio.org\/?page_id=696"},"modified":"2022-09-02T21:57:34","modified_gmt":"2022-09-02T21:57:34","slug":"prueba-programa","status":"publish","type":"page","link":"https:\/\/17radio.org\/index.php\/prueba-programa\/","title":{"rendered":"Prueba programa"},"content":{"rendered":"\n<p>Conductora: Emma Gonz\u00e1lez Tem\u00e1tica: Las conversaciones exploran problemas y temas afines a los derechos humanos y temas legales que interpelan a la sociedad en el d\u00eda a d\u00eda. Participaci\u00f3n de integrantes e invitados de la Cl\u00ednica Jur\u00eddica de la UNAM, as\u00ed como de especialistas. Al aire: Quincenal. Lunes 18 hrs.<\/p>\n","protected":false},"excerpt":{"rendered":"<p>Conductora: Emma Gonz\u00e1lez Tem\u00e1tica: Las conversaciones exploran problemas y temas afines a los derechos humanos y temas legales que interpelan a la sociedad en el d\u00eda a d\u00eda. Participaci\u00f3n de integrantes e invitados de la Cl\u00ednica Jur\u00eddica de la UNAM, as\u00ed como de especialistas. Al aire: Quincenal. Lunes 18 hrs.<\/p>\n","protected":false},"author":1,"featured_media":683,"parent":0,"menu_order":0,"comment_status":"closed","ping_status":"closed","template":"","meta":{"_acf_changed":false,"footnotes":""},"categories":[],"tags":[],"class_list":["post-696","page","type-page","status-publish","has-post-thumbnail","hentry"],"acf":[],"_links":{"self":[{"href":"https:\/\/17radio.org\/index.php\/wp-json\/wp\/v2\/pages\/696","targetHints":{"allow":["GET"]}}],"collection":[{"href":"https:\/\/17radio.org\/index.php\/wp-json\/wp\/v2\/pages"}],"about":[{"href":"https:\/\/17radio.org\/index.php\/wp-json\/wp\/v2\/types\/page"}],"author":[{"embeddable":true,"href":"https:\/\/17radio.org\/index.php\/wp-json\/wp\/v2\/users\/1"}],"replies":[{"embeddable":true,"href":"https:\/\/17radio.org\/index.php\/wp-json\/wp\/v2\/comments?post=696"}],"version-history":[{"count":2,"href":"https:\/\/17radio.org\/index.php\/wp-json\/wp\/v2\/pages\/696\/revisions"}],"predecessor-version":[{"id":698,"href":"https:\/\/17radio.org\/index.php\/wp-json\/wp\/v2\/pages\/696\/revisions\/698"}],"wp:featuredmedia":[{"embeddable":true,"href":"https:\/\/17radio.org\/index.php\/wp-json\/wp\/v2\/media\/683"}],"wp:attachment":[{"href":"https:\/\/17radio.org\/index.php\/wp-json\/wp\/v2\/media?parent=696"}],"wp:term":[{"taxonomy":"category","embeddable":true,"href":"https:\/\/17radio.org\/index.php\/wp-json\/wp\/v2\/categories?post=696"},{"taxonomy":"post_tag","embeddable":true,"href":"https:\/\/17radio.org\/index.php\/wp-json\/wp\/v2\/tags?post=696"}],"curies":[{"name":"wp","href":"https:\/\/api.w.org\/{rel}","templated":true}]}}